 = 23*t - 2. Let a be h(2). Let y = -8 + a. What is the tens digit of y?
3
Let t(l) = l + 2*l**3 - 3*l**3 + 0*l**3. Let b be t(-2). What is the tens digit of 2/b + (-174)/(-18)?
1
Let m(h) = -57*h. What is the tens digit of m(-1)?
5
Suppose -15 = -c - 2*c. Suppose 3*o + 4 = c*o. What is the units digit of o?
2
Suppose 206*t = 207*t - 20. What is the tens digit of t?
2
Suppose 0 = 7*o - 3*o - 28. Suppose -o*l + 170 = -2*l. What is the units digit of l?
4
Suppose 6*t - 50 = t. Suppose 5*m = 6*m - 2*b - t, -m = 3*b + 10. Suppose -4*v + m*v + 14 = 0. What is the units digit of v?
7
Suppose -5*p = -0*p. Suppose 7 = -2*y + 3*u, -17 = -p*y - 5*y - 4*u. What is the units digit of y?
1
Suppose 0*f - 86 = -2*f. What is the units digit of f?
3
Let a(k) = k**3 + 5*k**2 - 2*k. Let l(m) = -m**2 + 9*m - 6. Let d be l(8). Suppose -d*s = -4*s - 10. What is the tens digit of a(s)?
1
Let h = 37 - 13. Let z = h + -13. What is the units digit of z?
1
Suppose 4*f - 298 = 5*b, -2*f - 3*b = -b - 140. What is the units digit of f?
2
Suppose 0 = 4*a + 3*g - 554 - 38, -4*g = 5*a - 739. What is the tens digit of a?
5
Suppose -15 = -3*x, 3*i + 6*x - 3*x - 24 = 0. Suppose -a - i*a + 112 = 0. What is the units digit of a?
8
Suppose 0 = 2*r - 3*r - 2*q - 2, -4*q = -4*r + 16. Let k = 47 + -45. Suppose 5*h - 41 = -k*m, -h = h - r*m - 22. What is the units digit of h?
9
Suppose 3*m = m - 18. Let g = m - -31. What is the units digit of g?
2
Let y(q) = -q**3 - q**2 + 5*q + 2. Let c(i) = i**2 - 9*i - 4. Let n be c(9). Let j = 1 + n. What is the units digit of y(j)?
5
Suppose -4*c + 123 = -j, 3*c + 3*j - 97 = -1. What is the tens digit of c?
3
Let m = 16 - 26. Let d(q) = q + 13. What is the units digit of d(m)?
3
Let h(l) = 2*l**2 - 3*l - 1. Suppose 0 = 2*b - 8, -b - 24 = -4*r + 2*b. Suppose -3*o + r = -0*o. What is the units digit of h(o)?
8
Suppose 2*p - 4*m = 22, 31 = -0*p + 5*p - 2*m. What is the units digit of p?
5
What is the tens digit of -2*((-2)/(12/93))/1?
3
Suppose 4*b - c = 217, -3*b + 113 = -b - 5*c. What is the tens digit of b?
5
What is the units digit of ((-9)/18)/(1/(-24))?
2
What is the hundreds digit of (-32)/5*130/(-4)?
2
Suppose -3*p = -8 + 32. Let h = 23 + p. What is the tens digit of h?
1
Let r(b) = -b**3 + b**2 + b - 1. Let w(t) = -4*t**3 - 10*t**2 + t - 3. Let o(g) = -3*r(g) + w(g). What is the units digit of o(-13)?
6
Suppose 4*k + 3 + 1 = 0. Let n be ((-5)/(-2))/(k/2). Let g = -4 - n. What is the units digit of g?
1
Let h = -7 + 10. Suppose -s - 27 = -3*c + 2*s, -4*s = 0. What is the units digit of 22/3 - h/c?
7
Let v be (-2)/(-5) + (-249)/(-15). Suppose v = 2*i - i. What is the tens digit of i?
1
Let a be -1*(46 - 6/2). Let w = -25 - a. Suppose -w = -3*o + 24. What is the tens digit of o?
1
What is the units digit of (-40)/(-48) + 2/12?
1
Let o = 18 - 11. Let r(i) = 2*i + 6. What is the units digit of r(o)?
0
What is the units digit of 2/(-3) + 142/6?
3
What is the units digit of (-8 - -9)/(2/38)?
9
What is the tens digit of 3*((-371)/3)/(-7)?
5
Let z(c) = -c. Let g = 5 - 5. Let x be z(g). Suppose -60 = -5*a - x*a. What is the tens digit of a?
1
Suppose -4*i + 6 = 5*y, y + 5*i + 1 = -y. Let g(b) = y - b - b + 3*b + 0*b. What is the units digit of g(7)?
9
Suppose 0*x + 5*p = 2*x - 373, -3*p + 349 = 2*x. What is the tens digit of x?
7
Let h(n) = -2*n - 5. Suppose -3*w - 2*w - 170 = 0. Let q be 1/(-5) + w/5. What is the units digit of h(q)?
9
Suppose 522 = 7*n + 2*n. What is the units digit of n?
8
Suppose -6 = -5*h + 2*h. Suppose 3*j - h*j - 24 = 0. Let o = -11 + j. What is the tens digit of o?
1
What is the tens digit of (-723)/(-9) + (-2)/6?
8
Suppose -2*v - 4*k + 2 = 0, v + 2*v = 2*k + 43. Let f = v - 6. What is the units digit of f?
5
What is the units digit of 196/3 + 2/(-6 + 0)?
5
Suppose 3*k - 3*i - 53 = -8, 2*k - 3*i = 35. What is the units digit of k?
0
Let t(n) = 2*n**2 - 1. Let f be t(1). What is the tens digit of (f - 4)/(18/(-114))?
1
Let d be -1 - -1 - (2 + -1). Let l be ((-7)/(-3)*3)/(-1). What is the units digit of d/(l/12)*7?
2
Let q(y) = y + 1. Let u(a) = a**2 + 4*a + 5. Let o(g) = -4*q(g) + u(g). What is the units digit of o(2)?
5
Let j(q) = q - 2 - 5 - 20. Let x(l) = -13. Let n(h) = -2*j(h) + 5*x(h). What is the units digit of n(-9)?
7
Let v be ((-5)/(-3 - -4))/(-1). Suppose -4*z - 2 = -2*y, 4*y + z + v = -0*z. What is the units digit of (-5)/2*2*y?
5
Let y = -471 - -312. Let a(g) = -g - 6. Let b be a(-5). What is the units digit of y/(-18) - b/6?
9
Let i be (9/(-1))/(6/16). Let u = 57 + i. What is the units digit of u?
3
Suppose -8*v + 323 = 11*v. What is the units digit of v?
7
Let i be 624/(-15) + (-2)/5. Let g = i + 79. What is the tens digit of g?
3
Let m = 179 + -109. What is the tens digit of m?
7
Let x(v) = 2*v + 3. Let t be x(-6). Let f be (-6)/t + (-273)/(-9). Suppose -5*h + 2*m + 10 = 0, -h + 3*m - f = -5*h. What is the units digit of h?
4
Let p(m) = 2*m - 9*m + 10 - 2 + m**2. What is the units digit of p(6)?
2
Let r(l) = -l - 3. Let p be r(-6). Let t(s) = -9 - 10*s - 10*s**2 + p + 1 - s**3. What is the units digit of t(-9)?
4
Let n = -23 - -219. Suppose -6*d = -2*d - n. What is the tens digit of d?
4
What is the units digit of 1*(90/(-4))/(6/(-8))?
0
Suppose -27 + 2 = -5*l. Suppose -2 - 8 = -l*p. Suppose -p*i = i - 48. What is the units digit of i?
6
Let o(c) = -2*c + 34. Let b be 0/(-4 + 4 + -2). What is the tens digit of o(b)?
3
Let x(z) be the third derivative of -z**4/12 - z**3/3 + 5*z**2. Suppose 3*n + 21 = 4*q, 4*n = q + 2 - 17. What is the units digit of x(n)?
4
Suppose -2*w - w = 12. Let h(y) = y**2 + 2*y + 6. Let c be h(w). Suppose 2*a = 2*u - c, -3*u + 5*a = -26 + 5. What is the units digit of u?
7
Let l(n) = -n - 12. Let s be ((-2)/(-5))/(3/(-15)). Let a(f) = 3*f + 25. Let o(y) = s*a(y) - 5*l(y). What is the units digit of o(7)?
3
Let m(g) = g**3 - 5*g**2 - 2. Let c be m(5). Let t = 2 - c. What is the units digit of 4/8 - (-34)/t?
9
Let f(l) = -l**2 + 4. Let h be f(3). Let x(p) = -p - 4. Let s be x(h). Suppose 11 = 2*a + s. What is the units digit of a?
5
Suppose -2*i + 0*i - 4*b = 180, -i = 4*b + 100. Let a = -36 - i. What is the units digit of a?
4
Suppose 5*v - 20 = v. Suppose 136 = -v*s + 21. Let a = s + 43. What is the units digit of a?
0
Suppose -3*u + 15 = -0. Let w be u/(-15) - 2/(-6). Suppose -2*g = -w - 10. What is the units digit of g?
5
Suppose -7 = -5*u + 33. What is the units digit of u?
8
Suppose -37 = -2*u + v, 5 = -4*v - 15. What is the units digit of u?
6
Let p = 369 + -253. What is the tens digit of p?
1
Suppose -w + 3 = 4*r - 4, 3*w + 9 = 3*r. Suppose 2*p - r = -2*s, -s - 4*p = p + 7. Suppose -3*c - s = -15. What is the units digit of c?
4
Let f(u) = -u**3 - 7*u**2 - 5. Let o be f(-7). Let z = 5 + o. Suppose z = 3*a - i - 7, -3*a + 2*i + 0*i = -8. What is the units digit of a?
2
Let q(v) = -v**3 + 6*v**2 - 6*v + 4. Let h be q(5). Let r(u) be the third derivative of -u**4/8 - u**3/6 + 2*u**2. What is the units digit of r(h)?
2
Let o = -97 - -188. Let v = o + -38. Suppose 4*d + v = 125. What is the tens digit of d?
1
What is the units digit of (262/(-3))/(((-12)/9)/2)?
1
Let b = -103 - -201. What is the tens digit of b?
9
Let x be (-12)/30 + 154/10. Let l = x - 10. What is the units digit of l?
5
Suppose -15*c + 12*c + 5*h = -136, 0 = c + 2*h - 60. What is the units digit of c?
2
Let z(i) = -i - 1. Let t(q) = -q**3 - 7*q**2 - q - 8. Let l be t(-7). Let j(a) = 3*a - 15. Let y(h) = l*j(h) - 2*z(h). What is the tens digit of y(0)?
1
Let b be (312/8)/(1 + 0). Suppose 0 = 5*z - 2*z - b. Let c(j) = j**2 - 13*j + 12. What is the units digit of c(z)?
2
Suppose -r = 16 - 50. Suppose 5*w - 6 = -4*k + 8, -r = -5*w + k. Suppose 0 = 3*s + 3*y - 9, 0*y - w = -4*s - y. What is the units digit of s?
1
Let p(y) = -5*y - 2. Suppose -5*w = 2*g + 33, 26 = -3*w + g + 4*g. What is the units digit of p(w)?
3
Let b(y) = -y**3 - 8*y**2 - 2*y - 12. Let t = 36 - 58. Let x = 14 + t. What is the units digit of b(x)?
4
Let w(m) = -m**3 + 10*m**2 - 8*m - 4. Let a = -7 - -16. What is the units digit of w(a)?
5
Suppose 4*t - 5*t + 4 = 0. Suppose -q - 38 = -3*o, 0*o + 52 = 5*o + t*q. What is the units digit of o?
2
Let j(t) = -t**2 + 11*t - 12. Let r be j(9). Let g = -4 + r. What is the units digit of (6 - g - 0)*2?
8
Let b(